ue
Does 296 divide 2478970?
False
Is 161 a factor of 9163843?
False
Does 42 divide 514142?
False
Does 53 divide 3845574?
True
Does 449 divide 24695?
True
Does 27 divide 358426?
False
Does 7 divide 3047537?
False
Is 24 a factor of 4939128?
True
Is 659 a factor of 1397080?
True
Is 22288996 a multiple of 817?
False
Is 12 a factor of 4813992?
True
Does 238 divide 97437?
False
Is 1487134 a multiple of 89?
False
Does 2 divide 417858?
True
Is 11 a factor of 54736?
True
Is 167360 a multiple of 40?
True
Is 19 a factor of 641900?
False
Is 113 a factor of 463300?
True
Is 21 a factor of 700056?
True
Is 24 a factor of 14319600?
True
Is 80 a factor of 50793?
False
Is 371013 a multiple of 8?
False
Is 57630 a multiple of 102?
True
Does 108 divide 7761944?
False
Is 1806111 a multiple of 160?
False
Is 25 a factor of 274625?
True
Is 224 a factor of 301502?
False
Is 12025676 a multiple of 26?
True
Is 5313283 a multiple of 168?
False
Does 249 divide 1050672?
False
Does 8 divide 63030?
False
Is 1959 a factor of 6085180?
False
Is 1369222 a multiple of 194?
False
Is 358 a factor of 2521752?
True
Is 89 a factor of 119880?
False
Does 145 divide 196265?
False
Is 9 a factor of 8670087?
True
Is 237044 a multiple of 307?
False
Does 38 divide 167674?
False
Is 81 a factor of 1013117?
False
Is 633797 a multiple of 432?
False
Is 203920 a multiple of 20?
True
Is 9 a factor of 2593364?
False
Is 23 a factor of 4058626?
True
Is 14 a factor of 923662?
False
Does 13 divide 188357?
True
Is 540625 a multiple of 4?
False
Is 283876 a multiple of 33?
False
Does 141 divide 39339?
True
Does 19 divide 2622156?
False
Does 94 divide 1256780?
True
Does 169 divide 79937?
True
Is 1318 a factor of 23633531?
False
Is 26391 a multiple of 12?
False
Is 171 a factor of 7661484?
True
Is 1030106 a multiple of 154?
True
Is 28525750 a multiple of 115?
True
Does 48 divide 7011?
False
Is 3039795 a multiple of 345?
True
Is 541324 a multiple of 153?
False
Is 72 a factor of 8999766?
False
Is 60 a factor of 80400?
True
Is 2069305 a multiple of 41?
False
Does 125 divide 5253999?
False
Does 29 divide 1743?
False
Is 44132 a multiple of 93?
False
Does 29 divide 603751?
True
Is 1324575 a multiple of 261?
True
Is 22 a factor of 1959721?
False
Is 89 a factor of 12794470?
False
Does 36 divide 359928?
True
Is 129 a factor of 1668650?
False
Does 34 divide 97779?
False
Is 221 a factor of 3754123?
False
Does 5 divide 257328?
False
Does 82 divide 383884?
False
Is 124 a factor of 3331104?
False
Is 43 a factor of 26731380?
True
Is 38 a factor of 16986?
True
Is 75 a factor of 1383825?
True
Is 25 a factor of 990700?
True
Is 4 a factor of 1767911?
False
Does 19 divide 174591?
True
Is 29459 a multiple of 13?
False
Does 3 divide 2574783?
True
Is 41 a factor of 474657?
True
Is 9557336 a multiple of 127?
False
Is 9 a factor of 678958?
False
Does 68 divide 72479?
False
Does 15 divide 1597480?
False
Is 9 a factor of 5801301?
True
Is 226 a factor of 12075858?
True
Is 55986 a multiple of 258?
True
Does 28 divide 872711?
False
Does 447 divide 95658?
True
Is 63 a factor of 39676959?
True
Does 19 divide 103271?
False
Does 37 divide 109589?
False
Is 39 a factor of 17728971?
True
Is 13 a factor of 13236754?
False
Does 2 divide 33466?
True
Is 50 a factor of 7177658?
False
Is 4152478 a multiple of 121?
True
Does 32 divide 2512486?
False
Is 83 a factor of 112070?
False
Does 70 divide 20132774?
False
Does 158 divide 498601?
False
Is 533 a factor of 233454?
True
Is 167524 a multiple of 49?
False
Is 462377 a multiple of 392?
False
Does 15 divide 497610?
True
Is 751485 a multiple of 615?
False
Is 30 a factor of 332550?
True
Is 5 a factor of 142260?
True
Is 527408 a multiple of 4?
True
Is 25200 a multiple of 36?
True
Is 151146 a multiple of 311?
True
Is 171800 a multiple of 5?
True
Is 2 a factor of 52556?
True
Is 54302 a multiple of 11?
False
Is 21 a factor of 5754?
True
Does 196 divide 398403?
False
Does 1848 divide 8587656?
True
Is 88 a factor of 6477768?
True
Is 1521 a factor of 7503092?
False
Does 375 divide 3821948?
False
Is 165352 a multiple of 22?
True
Is 50 a factor of 930336?
False
Is 238 a factor of 2247286?
False
Does 1582 divide 7444892?
True
Does 58 divide 5012186?
True
Does 26 divide 4584554?
True
Is 66509 a multiple of 2?
False
Is 1364420 a multiple of 13?
False
Does 322 divide 8668562?
True
Is 16 a factor of 42171?
False
Is 150 a factor of 1453500?
True
Is 30 a factor of 1210350?
True
Does 14 divide 153341?
False
Is 550 a factor of 120450?
True
Is 282 a factor of 1630806?
True
Does 242 divide 3516377?
False
Is 890186 a multiple of 132?
False
Is 262 a factor of 8851670?
True
Does 7 divide 6486067?
True
Does 2 divide 22571?
False
Does 53 divide 5293091?
False
Does 16 divide 270253?
False
Is 40 a factor of 797000?
True
Is 1896576 a multiple of 704?
True
Is 1378 a factor of 1972131?
False
Is 96 a factor of 494144?
False
Is 4 a factor of 548738?
False
Is 58 a factor of 1146931?
False
Does 147 divide 867153?
True
Is 11840 a multiple of 16?
True
Is 216 a factor of 2055888?
True
Is 610 a factor of 217160?
True
Does 265 divide 4347855?
True
Is 249 a factor of 1480334?
False
Does 18 divide 203850?
True
Is 94 a factor of 669280?
True
Does 11 divide 5961540?
False
Does 28 divide 283976?
True
Is 12 a factor of 74035?
False
Does 8 divide 1216167?
False
Does 84 divide 251507?
False
Is 6061110 a multiple of 11?
True
Is 114214 a multiple of 33?
False
Is 5293084 a multiple of 11?
False
Is 832800 a multiple of 75?
True
Is 220596 a multiple of 93?
True
Does 6 divide 211817?
False
Is 1974375 a multiple of 30?
False
Is 4 a factor of 760339?
False
Is 17 a factor of 1508794?
False
Is 7 a factor of 8374223?
False
Is 655 a factor of 1343098?
False
Is 251 a factor of 5473?
False
Is 2165418 a multiple of 9?
True
Is 165 a factor of 107776?
False
Is 30 a factor of 28167?
False
Is 177908 a multiple of 563?
True
Does 488 divide 1596176?
False
Is 51 a factor of 140046?
True
Does 2 divide 24460?
True
Does 43 divide 3908872?
True
Does 19 divide 4156687?
True
Does 37 divide 1454793?
False
Is 119825 a multiple of 156?
False
Does 507 divide 993250?
False
Is 408 a factor of 230928?
True
Does 153 divide 434673?
True
Is 249143 a multiple of 153?
False
Does 286 divide 268268?
True
Does 119 divide 587146?
True
Does 64 divide 984064?
True
Does 7 divide 6423?
False
Is 94 a factor of 1276614?
True
Is 1912576 a multiple of 6?
False
Is 11 a factor of 3936592?
True
Is 18 a factor of 310698?
True
Is 73419 a multiple of 430?
False
Does 554 divide 1315262?
False
Is 979902 a multiple of 457?
False
Is 21617 a multiple of 137?
False
Does 35 divide 9454?
False
Does 73 divide 144102?
True
Does 142 divide 128794?
True
Is 11 a factor of 10079059?
False
Is 321 a factor of 3496663?
False
Is 79488 a multiple of 16?
True
Is 17 a factor of 2110737?
True
Does 1016 divide 567944?
True
Is 86 a factor of 185072?
True
Is 551 a factor of 670547?
False
Is 912888 a multiple of 31?
True
Does 92 divide 46092?
True
Is 73564 a multiple of 173?
False
Is 756336 a multiple of 12?
True
Is 579833 a multiple of 107?
True
Does 90 divide 27019350?
True
Is 16 a factor of 12366384?
True
Does 264 divide 142560?
True
Is 72 a factor of 121176?
True
Is 2788918 a multiple of 25?
False
Is 1131200 a multiple of 452?
False
Does 83 divide 6216036?
True
Is 19 a factor of 691327?
False
Is 24188090 a multiple of 836?
False
Does 9 divide 3986010?
True
Does 3 divide 17980?
False
Is 12175618 a multiple of 19?
True
Does 110 divide 186890?
True
Is 7 a factor of 123949?
True
Is 188152 a multiple of 232?
True
Is 139059 a multiple of 7?
False
Is 66368 a multiple of 19?
False
Is 19 a factor of 8867053?
True
Is 6696 a multiple of 9?
True
Does 1085 divide 980247?
False
Does 41 divide 295407?
False
Does 51 divide 309774?
True
Is 29 a factor of 28711?
False
Is 3442169 a multiple of 61?
True
Is 237618 a multiple of 43?
True
Is 259569 a multiple of 11?
False
Is 1204 a factor of 2379104?
True
Is 18 a factor of 220135?
False
Is 3322124 a multiple of 58?
True
Is 606741 a multiple of 263?
True
Is 193832 a multiple of 20?
False
Does 14 divide 22442?
True
Is 299636 a multiple of 173?
True
Does 92 divide 4395116?
True
Is 16 a factor of 2269461?
False
Is 26 a factor of 99684?
True
Is 238862 a multiple of 73?
False
Does 35 divide 4532094?
False
Is 